-316*q - 573. What is the hundreds digit of d(-9)?
2
Suppose -5*c + 24371 = -2*s, -4*s + 4123 + 10484 = 3*c. What is the thousands digit of c?
4
Let c(n) = -n**2 - 27*n - 49. What is the tens digit of c(-9)?
1
Suppose 5*v + 506 - 3766 = 0. Let a = -374 + v. What is the tens digit of a?
7
Suppose -4*h + 4*a - 35 = -9*h, -10 = -2*a. Suppose -5*d + 476 + 84 = 0. Suppose -4*n = n - 2*u - d, 2*n = -h*u + 41. What is the tens digit of n?
2
Suppose -102*o + 93*o = -14994. What is the tens digit of o?
6
Let s(p) = -p**3 - p**2 + 10*p - 5. Let t be s(-4). What is the units digit of t + (-5 - -2) - -99?
9
Let a = -1637 - -2296. What is the hundreds digit of a?
6
Suppose -22 = -x + 445. Suppose -3*s + 4*m = 2*s + x, 4*m = -s - 79. What is the units digit of (-30)/(-45) - s/3?
1
Let y = 1382 + -698. What is the tens digit of y?
8
Let w(l) = l**3 - 2*l**2 + 5*l - 3. Let h be ((-18)/30)/((-2)/10). Suppose 4*a - 3 = h*a. What is the units digit of w(a)?
1
Suppose -7*g + 12 = -3*g. Suppose -1 = -2*d - g*z + 2, 2*z - 6 = -2*d. What is the units digit of 711/27 + 4/d?
7
Suppose 0 = -u - 5*t - 19, -4*t = -10*u + 6*u + 44. What is the tens digit of (-3)/(-2) - (975/u)/(-13)?
1
Suppose p - 4*p = 0. Suppose -4*i + 3*a + 17 = p, -3*a = 5*i - 2*a - 26. Suppose i*w - 123 - 12 = 0. What is the units digit of w?
7
Suppose -12 = -2*r + 3*j, 3*r - 3*j = j + 17. Suppose 4*p - 164 = -2*d, 4*d + r*p - 102 = 211. What is the units digit of d?
6
Let l(g) = 67*g**2 - 4*g + 2. Let f be l(2). Suppose -2*a - f = -5*t + 2*a, 56 = t + a. What is the units digit of t?
4
Let i(q) = q**2 + 25*q + 98. What is the units digit of i(-31)?
4
What is the tens digit of (-5816)/12*12/(-3 - -1)?
0
Suppose -93*o - 31376 = -109*o. What is the units digit of o?
1
Let x(n) = -138*n**3 - 2*n**2 + n + 1. What is the tens digit of x(-2)?
9
Suppose -73*t + 90471 + 46696 = 0. What is the hundreds digit of t?
8
Suppose -330 = 6*b - b. Let h = 121 + b. Suppose r - h = -4*r. What is the tens digit of r?
1
Suppose 885 = 17*a - 4538. What is the tens digit of a?
1
Let a = 2 - -2. Suppose a*b + 4*x - 23 = x, 0 = 2*b - x + 1. Suppose 6 - b = w. What is the units digit of w?
4
Suppose 3*t - 3 = 6. Let z be (-6)/(0 + t) + 2. Suppose 4*g - 76 = -z*g. What is the tens digit of g?
1
Let l(v) = 2*v + 40. Let g(z) = -z**3 - 6*z**2 + 19*z + 5. Let t be g(-8). What is the units digit of l(t)?
2
Let v be 7/2 - (-2)/(-4). Suppose -x - 20 = 3*x, 2*s - v*x = 93. What is the units digit of s?
9
Let g(m) = 9*m**2 - 2*m + 6. What is the units digit of g(-7)?
1
Suppose 92 + 216 = 2*g. Let n = g + -110. What is the units digit of n?
4
Let j be (-3)/((-7)/(644/(-6))). Let g(t) = -42*t + 2. Let x be g(2). Let m = j - x. What is the units digit of m?
6
Suppose 8328 = 11*q - 8*q. What is the hundreds digit of q?
7
Let d = 4653 + 864. What is the hundreds digit of d?
5
Let h(s) = 5*s**3 - 7*s + 19. What is the thousands digit of h(7)?
1
Let c(g) = g**2 - 18*g - 19. What is the tens digit of c(23)?
9
Suppose 6*j - 2*c - 2666 = 2*j, j - 670 = 4*c. What is the units digit of j?
6
Let o = -151 + 177. What is the units digit of o?
6
Suppose 9*c - 5*c = 20. Suppose 4*j + c*i = 530, 3*j + 4*i = -i + 395. What is the hundreds digit of j?
1
Let f = -102 + 181. Suppose w = -f - 145. What is the units digit of w/(-8) + -1 + 1?
8
Suppose -u + 710 = 3*d, 0 = 2*d + 2*u - 622 + 146. What is the units digit of d?
6
Let x = 42 - 58. Let j = -2 - x. What is the units digit of j?
4
Suppose x - 688 = 5*b, -2*b - 2103 = 5*x - 8*x. What is the units digit of x?
3
Suppose 4*j - 5*j = -38. Let p = -35 + j. Suppose 3*i = -4*s + 95, -5*i + 173 = 6*s - p*s. What is the units digit of i?
7
Let b be (-1 - -33) + (-4 - -2). Suppose 0 = -2*d - d + b. What is the units digit of (4/5)/(1/d)?
8
Let n = -18 + 21. Suppose n*d = 2*d + 44. What is the units digit of d - (-3 + -2 - -4)?
5
Suppose -19*b + 11368 = 576. What is the units digit of b?
8
Suppose 5*k - 5*h - 127 = -3*h, 2*k = 2*h + 52. Suppose -19*c = -14*c - k. Suppose d - a - 11 = 0, 0 = d + c*a - 8 + 27. What is the units digit of d?
6
Suppose 25 = 3*m + 1. Suppose m - 56 = -4*p. What is the tens digit of p?
1
Let z(x) = 2*x**2 - 7*x - 1. Let j be z(4). Suppose j*i - 237 = -6. What is the units digit of i?
7
Suppose 0 = 4*v - 3*s - 115, 4*v - 2*s + s = 105. Let o = 47 - v. What is the tens digit of o?
2
Let p be 7*-1 - (22 + -24). Let q(z) = -z**3 - 2*z**2 + 12. What is the tens digit of q(p)?
8
Let f = 29 - 35. Let k be 2/(-10)*-2*-5. Let y = k - f. What is the units digit of y?
4
Suppose 2*n + 8 = -3*v + 4*v, 2 = -5*n - 2*v. Let c be 12*n*1/(-8). What is the tens digit of 3026/51 - (-2)/c?
6
Suppose 0 = -3*a + 4*a + 2. Let z = a + 4. Let i(q) = 12*q + 3. What is the units digit of i(z)?
7
Let n be ((-18)/(-15))/(9/30). Suppose 0 = -n*g + 4*y + 24, -5*g - 2*y + 3 = -6. Suppose -3 = -g*d + 3. What is the units digit of d?
2
Let f(i) = i**3 - 9*i**2 - 5*i + 77. What is the thousands digit of f(15)?
1
Let r(f) = -7*f**3 + 4*f**2 - 3*f + 7. Let l(w) = -7*w**3 + 5*w**2 - 4*w + 6. Let o(s) = 2*l(s) - 3*r(s). What is the hundreds digit of o(3)?
1
Let f be (-15 - -19)*2/4. Suppose 6*b = f*b - 28. What is the tens digit of ((-12)/b)/((-2)/(-70))?
6
Let u be (14/(-6) + 1)/((-12)/9). What is the units digit of (-23)/u*(-14)/14?
3
Let y be 3/(-6)*(-4 + -9 + 5). Suppose -3*x - 2*d + y*d + 653 = 0, -x + 4*d + 231 = 0. What is the tens digit of x?
1
Suppose 0 = -8*t + 13*t - 20. Suppose -b - 179 = -t*l, -3*l + 47 = -2*l - b. What is the units digit of l?
4
Let h be 2 + (-12)/(-9) + (-2)/6. Suppose -h*c + 275 = j + j, -4*j = -2*c + 194. What is the tens digit of c?
9
Let j(t) be the third derivative of t**5/60 - 5*t**4/24 - 3*t**3 + 16*t**2. What is the units digit of j(-6)?
8
Let c = 6848 + -3208. What is the units digit of c?
0
Suppose -5*n - 2*g = -4592, -5*n - 969 + 5562 = 3*g. What is the tens digit of n?
1
Let f(m) = m**3 - 8*m**2 - 7*m - 13. Let g be f(9). Suppose g*t = 4 + 196. What is the tens digit of t?
4
Suppose 0 = -4*x, 2*x + 33 = 3*r - 0. Suppose r*v - 71 + 60 = 0. What is the units digit of v?
1
Suppose 0 = -2*s + b - 14, -s + 2*b = -0*b + 10. Let i(m) be the third derivative of -5*m**4/24 - m**3 - 2*m**2. What is the units digit of i(s)?
4
Suppose 2*g - 4167 = -5*c, 2*g + 13*c - 17*c - 4212 = 0. What is the units digit of g?
6
Let o = 2482 + -1643. What is the hundreds digit of o?
8
What is the hundreds digit of (15/(-9)*1)/(5/(-465))?
1
Let f = 119 + -121. What is the units digit of (f*(2 + 197/(-2)))/1?
3
Suppose -11*b + 148 = -8982. What is the tens digit of b?
3
What is the tens digit of (720/(-2))/(1/(-40)*5)?
8
Let q be (-1*2 + -93)/(5/(-20)). Let a = q + -199. What is the tens digit of a?
8
Let t(n) = 53*n**2 + 4*n - 2. Let x be (-1)/(-2)*(4 - 8). What is the units digit of t(x)?
2
Suppose -2*r + 287 + 393 = -3*o, 2*r = o + 680. What is the hundreds digit of r?
3
Suppose j = 52 - 46. Let q(g) = 2*g**3 - 6*g**2 + 5*g + 14. What is the tens digit of q(j)?
6
Let x = -36 - -25. What is the units digit of 385/x*(-2)/2 + 3?
8
Let a = -125 - -801. What is the units digit of a?
6
Suppose 5*x = 4*d + 7, 9*d - 4*d = -4*x + 22. Suppose -7*j + 1560 - 118 = 0. Suppose 5*y - 345 = -5*r, 0*y + j = 3*y + d*r. What is the units digit of y?
8
Suppose 3*v - 4*a - 24 = 0, 2*v - 2 = 2*a + 14. Suppose -v*q = -2*q - 288. What is the tens digit of q?
4
Suppose -1 = -2*m + 3. Suppose 4 - 18 = -m*v. Let w = 12 - v. What is the units digit of w?
5
What is the units digit of (-955)/3*(1 - 4)?
5
Let n = 11 - 11. Suppose n = -11*h + 15*h + 628. Let c = h - -231. What is the units digit of c?
4
Let b = -71 - -294. What is the tens digit of b?
2
Suppose q + 3364 = 2*x, 1800 - 113 = x + 2*q. What is the tens digit of x?
8
Let y = -2812 + 4987. What is the tens digit of y?
7
Let v be (12/15)/(7/35). Suppose 3*x - 196 = -2*r + 36, v*x - 306 = -r. What is the tens digit of x?
7
Suppose 236 = -13*o + 15*o. What is the hundreds digit of o?
1
Let y be (1 - -1) + 1*-2. Suppose 3*i = -2*k + 140, -4*k + 0*i + 292 = 3*i. Suppose 0*o - 4*o + k = y. What is the tens digit of o?
1
Let l = -7 - -11. Suppose -10*z + 27 = -13. Suppose -3*q = -2*x + 23, -6*x - l = -2*x + z*q. What is the units digit of x?
4
Suppose 16*j = -29004 + 80812. What 